y 19.
13
Calculate the remainder when 4038 is divided by 103.
21
Calculate the remainder when 75742 is divided by 96.
94
What is the remainder when 14514 is divided by 148?
10
Calculate the remainder when 325763 is divided by 108584.
11
What is the remainder when 209381 is divided by 209375?
6
Calculate the remainder when 7616 is divided by 1194.
452
What is the remainder when 4630 is divided by 420?
10
Calculate the remainder when 34975 is divided by 833.
822
What is the remainder when 5419 is divided by 59?
50
Calculate the remainder when 60023 is divided by 11998.
33
Calculate the remainder when 73237 is divided by 227.
143
What is the remainder when 5277 is divided by 694?
419
What is the remainder when 127529 is divided by 127513?
16
Calculate the remainder when 27197 is divided by 417.
92
What is the remainder when 166693 is divided by 49?
44
Calculate the remainder when 9583 is divided by 474.
103
What is the remainder when 7490 is divided by 85?
10
Calculate the remainder when 1825 is divided by 142.
121
Calculate the remainder when 3642 is divided by 762.
594
Calculate the remainder when 3121 is divided by 7.
6
What is the remainder when 108 is divided by 84?
24
What is the remainder when 463861 is divided by 120?
61
Calculate the remainder when 20293 is divided by 615.
613
What is the remainder when 58873 is divided by 25?
23
Calculate the remainder when 4445 is divided by 4321.
124
Calculate the remainder when 278907 is divided by 69722.
19
Calculate the remainder when 26383 is divided by 53.
42
What is the remainder when 28123 is divided by 2351?
2262
What is the remainder when 218496 is divided by 31?
8
Calculate the remainder when 29154 is divided by 294.
48
What is the remainder when 998 is divided by 469?
60
What is the remainder when 733 is divided by 151?
129
Calculate the remainder when 1840613 is divided by 6.
5
Calculate the remainder when 146 is divided by 121.
25
What is the remainder when 3061 is divided by 207?
163
Calculate the remainder when 15643 is divided by 992.
763
What is the remainder when 12387 is divided by 43?
3
Calculate the remainder when 20445 is divided by 71.
68
What is the remainder when 12072 is divided by 238?
172
What is the remainder when 66803 is divided by 33397?
9
Calculate the remainder when 6666 is divided by 48.
42
What is the remainder when 2350 is divided by 84?
82
Calculate the remainder when 428365 is divided by 125.
115
What is the remainder when 82357 is divided by 568?
565
What is the remainder when 9580 is divided by 1195?
20
Calculate the remainder when 3329 is divided by 522.
197
What is the remainder when 186 is divided by 90?
6
What is the remainder when 215 is divided by 43?
0
What is the remainder when 193825 is divided by 183?
28
What is the remainder when 51092 is divided by 24?
20
Calculate the remainder when 18349 is divided by 3657.
64
What is the remainder when 31153 is divided by 335?
333
What is the remainder when 38516 is divided by 2125?
266
What is the remainder when 67938 is divided by 33898?
142
What is the remainder when 22622 is divided by 15?
2
What is the remainder when 695 is divided by 14?
9
What is the remainder when 170155 is divided by 206?
205
What is the remainder when 2563930 is divided by 699?
697
What is the remainder when 9593 is divided by 57?
17
What is the remainder when 1196 is divided by 515?
166
What is the remainder when 45284 is divided by 15?
14
What is the remainder when 897 is divided by 10?
7
What is the remainder when 181502 is divided by 60492?
26
Calculate the remainder when 7430 is divided by 21.
17
Calculate the remainder when 61749 is divided by 24.
21
What is the remainder when 2081 is divided by 100?
81
Calculate the remainder when 1211 is divided by 21.
14
Calculate the remainder when 10902 is divided by 376.
374
What is the remainder when 615618 is divided by 17?
14
Calculate the remainder when 44247 is divided by 11054.
31
Calculate the remainder when 120955 is divided by 280.
275
What is the remainder when 4493 is divided by 510?
413
Calculate the remainder when 68998 is divided by 55.
28
Calculate the remainder when 157420 is divided by 67.
37
Calculate the remainder when 232669 is divided by 16.
13
Calculate the remainder when 6012 is divided by 126.
90
Calculate the remainder when 229530 is divided by 114763.
4
Calculate the remainder when 37915 is divided by 21.
10
Calculate the remainder when 297 is divided by 127.
43
Calculate the remainder when 125528 is divided by 75.
53
What is the remainder when 1882 is divided by 130?
62
Calculate the remainder when 32839 is divided by 3003.
2809
Calculate the remainder when 74649 is divided by 10.
9
What is the remainder when 143612 is divided by 55?
7
What is the remainder when 218857 is divided by 63?
58
What is the remainder when 2849 is divided by 22?
11
Calculate the remainder when 8426 is divided by 764.
22
Calculate the remainder when 175426 is divided by 18.
16
Calculate the remainder when 2385 is divided by 7.
5
Calculate the remainder when 12664 is divided by 99.
91
What is the remainder when 183532 is divided by 13106?
48
What is the remainder when 160249 is divided by 79?
37
What is the remainder when 9404 is divided by 230?
204
What is the remainder when 31813 is divided by 740?
733
Calculate the remainder when 16016 is divided by 116.
8
What is the remainder when 376851 is divided by 145?
141
Calculate the remainder when 389373 is divided by 875.
873
Calculate the remainder when 179117 is divided by 16283.
4
Calculate the remainder when 1069 is divided by 361.
347
Calculate the remainder when 4650 is divided by 88.
74
Calculate the remainder when 1767768 is divided by 53.
6
What is the remainder when 3132 is divided by 950?
282
Calculate the remainder when 424798 is divided by 150.
148
What is the remainder when 1889123 is divided by 595?
593
Calculate the remainder when 30462 is divided by 782.
746
Calculate the remainder when 1938 is divided by 665.
608
Calculate the remainder when 25376 is divided by 10.
6
Calculate the remainder when 47833 is divided by 784.
9
Calculate the remainder when 976 is divided by 187.
41
What is the remainder when 9156 is divided by 437?
416
What is the remainder when 234613 is divided by 85?
13
Calculate the remainder when 24315 is divided by 1057.
4
What is the remainder when 28097 is divided by 538?
121
Calculate the remainder when 5978 is divided by 137.
87
Calculate the remainder when 7399 is divided by 95.
84
Calculate the remainder when 132711 is divided by 303.
300
What is the remainder when 2620 is divided by 219?
211
Calculate the remainder when 2359 is divided by 222.
139
Calculate the remainder when 224539 is divided by 74842.
13
What is the remainder when 21503 is divided by 5353?
91
Calculate the remainder when 1327 is divided by 346.
289
Calculate the remainder when 1101 is divided by 1028.
73
Calculate the remainder when 3280 is divided by 951.
427
Calculate the remainder when 3668 is divided by 675.
293
What is the remainder when 2362 is divided by 2197?
165
What is the remainder when 15867 is divided by 514?
447
What is the remainder when 273382 is divided by 43?
31
What is the remainder when 245680 is divided by 43?
21
What is the remainder when 12754 is divided by 356?
294
Calculate the remainder when 12024 is divided by 3983.
75
What is the remainder when 544154 is divided by 80?
74
Calculate the remainder when 1561808 is divided by 207.
200
What is the remainder when 15988 is divided by 18?
4
What is the remainder when 245070 is divided by 272?
270
Calculate the remainder when 11243 is divided by 2243.
28
Calculate the remainder when 311419 is divided by 24.
19
Calculate the remainder when 216110 is divided by 13.
11
What is the remainder when 159086 is divided by 723?
26
Calculate the remainder when 6442 is divided by 1468.
570
What is the remainder when 1725725 is divided by 684?
677
Calculate the remainder when 15697 is divided by 282.
187
Calculate the remainder when 2863 is divided by 1401.
61
What is the remainder when 1008 is divided by 319?
51
What is the remainder when 104594 is divided by 34854?
32
What is the remainder when 12117 is divided by 1562?
1183
Calculate the remainder when 175055 is divided